 - 2. What is the greatest common factor of 4 and v?
4
Let q(y) = y**3 - 13*y**2 - 48*y + 7. Let h be q(16). Let t(z) = -76*z**3 + 2*z**2 - 1. Let v be t(-1). What is the highest common factor of v and h?
7
Let g = 24 - 3. Let k = -53 - 16. Let t = k + 83. Calculate the greatest common factor of g and t.
7
Suppose 28 = 2*u + 4. Let i = 29 - u. Calculate the highest common factor of i and 34.
17
Let m(j) = -j**3 - 8*j**2 - 15*j - 11. Let h be m(-7). Calculate the greatest common factor of h and 30.
15
Suppose -5*m + 77 = 2*n, 5*m + 6*n - 2*n - 79 = 0. What is the highest common divisor of 40 and m?
5
Let a be (18/72)/((-1)/(-248)). What is the highest common factor of a and 558?
62
Let a = -98 + 175. Suppose -3*v + a = -4. Calculate the greatest common factor of 27 and v.
27
Let j be 1/(3/(-9)) - (10 + -39). Suppose 4*m = 2*m - 12. Let v be (-2)/3 + (-784)/m. Calculate the greatest common divisor of v and j.
26
Suppose -3*r - 2*r = 4*l - 72, -5*l - 3*r = -77. Calculate the highest common divisor of 767 and l.
13
Let g = 275 + 29. Let x be (-12)/9*(-6)/2. Suppose x*h - 32 = g. What is the highest common divisor of h and 21?
21
Suppose 4538 - 3566 = 4*y. Calculate the greatest common divisor of 3 and y.
3
Suppose -4*t = -5*t. Suppose -f = -t*f - 81. Let g = -97 + 106. What is the greatest common divisor of f and g?
9
Suppose 2 = -3*c + 11. Suppose -c*i = -m - 189, -6*m + 2*m = -3*i + 189. What is the highest common factor of 42 and i?
21
Suppose 0 = -7*z - 2992 + 13135. What is the highest common divisor of 21 and z?
21
Let q(k) = 4*k**2 - 11*k - 1. Let r = 1 + -6. Let x be q(r). What is the greatest common divisor of 14 and x?
14
Let r = 411 - 126. Calculate the greatest common factor of 15 and r.
15
Let w be (0 - 1)*(-6 + 5 + -51). Let l = 1119 + -651. What is the highest common divisor of w and l?
52
Let y(j) = j**2 - 9*j - 7. Let q be y(-7). Let m be (2 - 8)/(3/(-4)). Suppose -23 + m = -n. Calculate the greatest common divisor of n and q.
15
Suppose -6*t - 61 + 517 = 0. Calculate the greatest common factor of 95 and t.
19
Suppose 4*c - 699 = -v + 7*c, 0 = v - 4*c - 704. Calculate the greatest common factor of 76 and v.
76
Let v be 7 - (-1 - (-1 - -1)). Let q = -78 - -110. Suppose 6*g - q = 2*g. What is the greatest common factor of g and v?
8
Let x = -208 + 219. Let t(f) = -f**3 + 3*f**2 + 5*f - 3. Let a = 5 - 1. Let d be t(a). What is the highest common divisor of d and x?
1
Suppose -5 = -g, -2*g = 7*t - 11*t - 2. Suppose 2*b = -5*i + 75, -44 = -b - 4*i - t. Calculate the greatest common divisor of 75 and b.
15
Let t be (-4)/6*-24*24/16. What is the highest common divisor of t and 48?
24
Let p(u) = u**3 - 5*u**2 - 4*u - 10. Let a be p(6). Suppose -a*n - 4*j - 43 = -3*n, -320 = -5*n - j. Calculate the highest common divisor of 7 and n.
7
Let s(z) = -z - 5. Let f be s(-5). Suppose f = -3*m + 25 - 1. Let l = 127 - 47. What is the greatest common factor of l and m?
8
Suppose 4*w = w + 18. Let m(f) = -f**3 + 9*f**2 - 9*f + 1. Let a be m(w). Calculate the greatest common factor of 22 and a.
11
Let z = -304 + 676. Calculate the greatest common factor of z and 48.
12
Let s(o) = -o + 7. Let g be s(4). Let w(z) = 5*z**2 + 5 + 7*z + 7*z**g - z**3 - 7*z**3. Let q be w(-4). Calculate the greatest common factor of 11 and q.
11
Let n(u) = 31*u**2 + 5*u. Let a be n(-1). What is the greatest common factor of 104 and a?
26
Suppose 6149 = 10*x - 601. What is the greatest common factor of 25 and x?
25
Let c be -4 - ((-228)/5 - (-10)/(-25)). Suppose 0 = -2*g + 3*g - 21. What is the highest common factor of c and g?
21
Let g be 4 - (-41 + (1/(-1) - -6)). Calculate the highest common divisor of 190 and g.
10
Let g be (5 + 2)*(-4)/(-14). Suppose 2*h + g = -10. Let j(d) = -d**3 - 5*d**2 + d + 5. Let p be j(h). What is the highest common factor of 7 and p?
7
Suppose -2*g + 3*u - 1045 = -5656, -6933 = -3*g - u. What is the greatest common factor of g and 30?
30
Let m = -5 - -70. Let x = -4 + 6. Suppose -2*k + 5*k - 31 = -x*b, 0 = b + 4. What is the highest common factor of m and k?
13
Let a = -621 + 625. What is the greatest common divisor of 284 and a?
4
Let q(c) = -c**2 + 4*c + 3. Let w be q(4). Suppose -w*z + 101 = -34. Suppose -o - z = -4*o. What is the greatest common factor of o and 5?
5
Suppose 0 = 461*u - 453*u - 1408. What is the greatest common divisor of 220 and u?
44
Suppose -163 - 72 = -5*j + 5*h, 3*h - 111 = -3*j. Let a = -1 - -5. Suppose 3*w - a = 14. Calculate the greatest common factor of w and j.
6
Suppose 2*u - 2258 = -2*f, -f + 5*u = -601 - 534. Calculate the highest common divisor of f and 113.
113
Let i(g) = -g**3 + 1. Let y be i(-1). Let c be (y + 16)/(4 + -2 - 0). Calculate the greatest common factor of c and 9.
9
Let n = 741 - 671. Calculate the greatest common factor of n and 1505.
35
Suppose 9*s = 7*s - 2. Let b(j) = 6*j + 97*j**2 - 1 - 12*j + 4*j. Let a be b(s). Calculate the highest common factor of 14 and a.
14
Let p(x) = -x**2 + 3*x + 2. Let m be p(3). Suppose 2*d = 0, -m*v - 28 = 2*d - 92. Let b = -471 - -519. What is the highest common divisor of v and b?
16
Let m = 16 + 103. Calculate the greatest common divisor of m and 51.
17
Suppose -c + 2*w = 3, -2*w + 18 = 5*c - w. Suppose -c*o - 6 = -0*o. Let a be ((-11)/(-3))/(o/(-30)). What is the greatest common divisor of a and 22?
11
Let z(x) = 4*x**2 - 17*x - 11. Let a be z(5). What is the highest common divisor of a and 214?
2
Let x(h) = -h**3 + 40*h**2 - 174*h - 15. Let u be x(35). What is the highest common divisor of u and 310?
10
Suppose -y + 2*u + 82 = 3*y, u - 67 = -4*y. Calculate the highest common divisor of y and 78.
6
Suppose 9 = l - 15. What is the greatest common divisor of 21 and l?
3
Let w be 1*(2 - -1) + 0. Suppose -w*v + 68 = u, -5*u = -2*v + 21 - 361. Calculate the greatest common divisor of 170 and u.
34
Let j(h) be the first derivative of h**3/3 - h**2 - 3*h + 1. Suppose 0 = 4*u, -q + 3*u - 1 = -6. Let f be j(q). Calculate the highest common factor of f and 96.
12
Suppose 0 = -4*p - 5*k + 49, -3*k + 39 = 10*p - 6*p. Calculate the highest common divisor of p and 24.
6
Let l be 44*3/((-18)/(-3)). Suppose -r + 8 = -l. What is the greatest common divisor of 330 and r?
30
Suppose 10*a - 43 = 437. Let h be -4*((-3)/6 - 1). Calculate the greatest common divisor of h and a.
6
Suppose -y + 26 + 1 = 0. Let h be (-2769)/6 - 3/6. Let f = h + 759. What is the highest common factor of f and y?
27
Let t = 947 - 916. What is the greatest common divisor of t and 899?
31
Suppose -15 = 3*a, -5*x - 3*a = 2*a. What is the greatest common divisor of x and 135?
5
Suppose -4*c - k + 795 = -0*c, -2*k = 2*c - 402. What is the highest common divisor of c and 18?
18
Let n be 2/7 - 668/(-14). Let q = 7 - -21. Let c = q + -12. What is the greatest common divisor of c and n?
16
Let i = -445 + 451. Calculate the greatest common factor of i and 66.
6
Let b(s) = -s**2 - 3*s. Suppose -f - 5 = -d, -5*d + 0*d = 3*f - 9. Let c be b(f). What is the greatest common divisor of 10 and c?
2
Let b = -26 - -31. Let y(c) = -c**3 - 2*c**2 - 4. Let u be y(-3). What is the greatest common divisor of b and u?
5
Let a(j) = -9 + 3 + 21*j + 13*j - 10*j. Let f be a(1). What is the highest common divisor of f and 90?
18
Let p be 1 - (30 + -1 + 1). Suppose -95 = 4*n + 3*j, 4*n - 15 + 113 = -2*j. Let x = n - p. What is the highest common factor of 15 and x?
3
Let o be -4 - (4 - 5) - -7027. Suppose -2*s + o = 2072. Let h be s/10 - (-16)/40. Calculate the greatest common factor of h and 31.
31
Let d be -3*5*2/(-2). Suppose 8*k - 3120 = -5*k. What is the highest common divisor of k and d?
15
Suppose -4*c + 2 = -2*i - 30, -4*c - 5*i + 4 = 0. Suppose -c*s = 9 - 123. What is the greatest common factor of s and 209?
19
Suppose 2 - 14 = -3*f. Suppose -136 + 4 = -f*d. Let c = d + -18. Calculate the greatest common divisor of 45 and c.
15
Suppose -13*l = -7*l - 54. Calculate the highest common divisor of l and 423.
9
Let q = 61 + -21. Suppose v - 67 = -2*o, 3*v = 5*o + 275 - 74. Suppose -5*y + v = -13. What is the highest common divisor of y and q?
8
Let d be ((-6)/(-12))/(1 - 2/4). Let u(q) = 44*q - 2. Let a be u(d). Calculate the greatest common factor of a and 28.
14
Suppose 294 + 18 = 3*f - 4*x, 2*x - 416 = -4*f. Calculate the